658*b**3 + 12*b**2 + 23*b - 4. What are the prime factors of n(-2)?
2, 3, 877
Suppose 113*p - 113164 = -4*i + 109*p, -p - 28305 = -i. What are the prime factors of i?
2, 14149
Suppose -2*c + 228 = 4*j, -9 = j - 3*c - 59. Let s = j - 48. Suppose 0 = s*h - 40 - 864. What are the prime factors of h?
113
Let v(p) = -9*p**3 + 2*p**2 + 12*p. Let j = 246 + -249. What are the prime factors of v(j)?
3, 5
Let t = -8968 + 18493. What are the prime factors of t?
3, 5, 127
What are the prime factors of (40/(-12))/(-5) + (-36452790)/(-594)?
7, 11, 797
Let f(i) = 2112*i**2 + 223*i. What are the prime factors of f(1)?
5, 467
What are the prime factors of (-3)/6*3 - 22/(132/(-190899))?
3, 5, 7, 101
Let a = 52 + -45. Suppose 0*k + 28 = a*k. Suppose 0 = 5*w + 5, -2*h + k*w + 49 = -59. What are the prime factors of h?
2, 13
Suppose 69*d - 74*d + 13780 = 0. Suppose 2*v - 19 = c + 1361, -4*v + c + d = 0. List the prime factors of v.
2, 43
Suppose 120 = -13*a + 25*a. List the prime factors of 7284/a - (-16)/(-40).
2, 7, 13
Suppose -3*a = -p + 3530, 0 = 75*p - 71*p - 3*a - 14165. List the prime factors of p.
5, 709
Suppose -48*o = -5*o - 629100 - 316212. What are the prime factors of o?
2, 3, 229
Suppose 3*t + 100 = -4*m, -t + 4*m = 8 + 52. What are the prime factors of (-5)/(t/442)*4?
13, 17
Suppose 13*k = 18*k - 3*w - 44906, -17954 = -2*k - 3*w. Suppose -6*n - 1594 = -k. List the prime factors of n.
1231
Let r(k) = -k**3 - 4*k**2 + 10*k - 7. Let d(z) = -2*z**2 + 2*z + 6. Let l be d(3). Let w be r(l). List the prime factors of (472 + 3)/w - (5 - 3).
3, 31
Suppose -5*q - 6 - 64 = 0. List the prime factors of (-72756)/(-60) - q/35.
1213
Suppose x + 682 = 4*q, -3*x - 2537 = -3*q - 500. Let r = -464 - x. List the prime factors of r.
2, 107
Suppose 2*b - 364 = 86. Suppose b + 297 = 9*m. List the prime factors of m.
2, 29
Let a be (-876)/(-8) + 2/4. Let y = -105 + a. What are the prime factors of (15/6)/y*-2*-73?
73
Let d(o) = 32*o + 261. Let k be d(-8). What are the prime factors of (9 - k) + (-4 - (-5 - 1286))?
1291
Let x be (-1 + 3)*(-1)/(20/(-8490)). Suppose -3 = -i + 2, 0 = w - 2*i - x. List the prime factors of w.
859
Let s(m) = -m**2 - 5*m + 37. Let t be s(8). Suppose 12*o - 2186 + 890 = 0. Let u = o + t. What are the prime factors of u?
41
Let o(f) = 25*f**2 + 593*f - 58. What are the prime factors of o(24)?
2, 7, 13, 157
Let u(s) = 5 - 10 + 10*s + 6 + 10*s. Let h(m) = m**2 + 2*m - 1. Let g be h(-4). List the prime factors of u(g).
3, 47
Let j be 295 + 3/3 - 0. Let k be 0 - (-18)/(-12) - (-30)/4. Suppose 2*v - k*p + 3*p - j = 0, 0 = -4*v - 2*p + 624. What are the prime factors of v?
2, 7, 11
Suppose s - 2*r - 105 = 0, -27 + 17 = 2*r. Suppose -t + 3*j + 467 = -s, -3*t - 3*j + 1686 = 0. What are the prime factors of t?
2, 281
Suppose 0 = -5*o - 4*m + 41, 0*o - o - m + 9 = 0. Suppose -l + o*k + 102 = 0, 1 = 2*k - 1. Suppose -h + l = -55. What are the prime factors of h?
2, 3
Suppose -5*m + 1367 = 1367. Suppose -5*o - 41*o + 71070 = m. List the prime factors of o.
3, 5, 103
Suppose 3*w + 5*c = -w - 797, 0 = 4*w - 5*c + 747. Let i = 2 - w. List the prime factors of i.
3, 5, 13
Let d(a) = 13*a - 7. Let r(y) = -64*y + 35. Let u(s) = 11*d(s) + 2*r(s). What are the prime factors of u(9)?
2
Suppose -4*p - 200 = -b + 122, 4*b - 1314 = 3*p. Suppose 7*o - 391 = b. What are the prime factors of o?
103
Let y(w) = -5*w - 5. Let a(x) = 21*x + 20. Let q(g) = 2*a(g) + 9*y(g). Suppose -3 = -t - 23. List the prime factors of q(t).
5, 11
Suppose 0 = -22*y + 1550 - 54. Suppose 0 = -y*p + 69*p - 58. What are the prime factors of p?
2, 29
Let m(j) = 4933*j**3 - 7*j**2 - 41*j + 97. List the prime factors of m(2).
39451
Suppose 4*i - 16 = 0, -4*d + 5697 = i - 11427. List the prime factors of d.
2, 5, 107
Let l(z) be the third derivative of -23*z**4/12 + 17*z**3 + 180*z**2. List the prime factors of l(-21).
2, 3, 89
Suppose -32*g - 4 = -34*g. Suppose 24*f = 23*f + g. What are the prime factors of 0/(-6) + (61 - f) + -4?
5, 11
Let u(l) = 10*l**2 - 11*l + 3. List the prime factors of u(26).
3, 17, 127
Suppose 0 = 2*r + 4*x - 29240, 2*r - 4*x - 34407 = -5215. List the prime factors of r.
2, 11, 83
Let b be 11 - -6*(21/14)/(-3). Suppose 2*f - d - 1162 = 0, 0 = 3*f - b*f - 5*d + 2875. List the prime factors of f.
3, 193
Let x = 35 - -51. Let o = -112 + x. List the prime factors of (o/(-3) + 0)*(6 + 9).
2, 5, 13
Let b = 995 + -985. Suppose -10 = -4*z + 2*z. Suppose -b*d + 340 = -z*d. What are the prime factors of d?
2, 17
Let n = 353 + -323. Suppose -3*k = -5*m - 3321, -n*m = -4*k - 29*m + 4411. What are the prime factors of k?
2, 19, 29
Let x(u) = -u**3 - 18*u**2 - 9*u + 38. Let t be x(-17). Let b = -90 - t. Suppose -3*h = -88 - b. What are the prime factors of h?
2
Suppose 4*b = -3*t - 23, -3*b - 3*t - 12 = -6*t. Let k = b - -7. What are the prime factors of k/2*114/6?
19
Suppose -43*j + 31*j + 36 = 0. Suppose 185 = 3*q - 4*k, 0 = -0*q + q - j*k - 65. What are the prime factors of q?
59
Let p be 19/4 + ((-52)/(-16) - 3). List the prime factors of (0 + 0)/p + -2 + 1068.
2, 13, 41
Suppose -r = f - 1 - 2, -f + r = -3. Suppose 9*a - f*a = 3786. What are the prime factors of a?
631
Let p(h) = -h**3 - 6*h**2 + 2*h + 4. Let j be p(-7). Let i = 441 + j. Suppose -2*f + i = 3*f. List the prime factors of f.
2, 3
Let q(w) = 4*w - 42. Let l be q(12). Suppose l*p + 4*p = -3*p. Suppose -2*f + 194 + 56 = p. List the prime factors of f.
5
Let i = 2417 - 355. What are the prime factors of i?
2, 1031
List the prime factors of (87/(-232) - 7182/16)/((-2)/16).
2, 3, 599
Suppose 28573 = 4*p + 1953. Suppose 57*v - p = 46*v. List the prime factors of v.
5, 11
Let r be (-252)/(-72)*(-16)/(-14). Suppose -2*o + 3836 = 4*x, -r*o + 954 = x - o. What are the prime factors of x?
2, 3, 5
Let t(v) = -3*v + 278. Suppose 0 = -2*s + o + 5, 4*o - o = -s - 15. What are the prime factors of t(s)?
2, 139
Let o(w) = -3*w**3 - 9*w**2 - 3*w - 1. Let k be o(-7). Let f(z) = 6*z**3 + 145*z**2 + 8*z - 26. Let x be f(-24). Let y = k - x. List the prime factors of y.
2, 5
Let d(l) = l - 1. Let v(y) = -2*y - 24. Let n(c) = d(c) - v(c). Let w be n(-7). List the prime factors of w/11 - 128/(-22).
2, 3
Let p(k) be the first derivative of k**3/3 - 11*k**2 - 44*k - 33. Let n be p(22). What are the prime factors of 1/4 - 5885/n?
2, 67
Let t(x) = 7*x**3 - 4*x**2 - 20*x + 1. Let r(q) = -3*q**3 + q**2 + 10*q - 1. Let h(s) = -9*r(s) - 4*t(s). List the prime factors of h(5).
5
Let b(r) = 25*r + 130. Let f be b(-5). Suppose f*q + 21*q - 16224 = 0. List the prime factors of q.
2, 3, 13
Let q be -2*(2 - (5 + -2)). Suppose -3*y - w = -388, -y = y + q*w - 264. What are the prime factors of y?
2
Let m be 5 + 0 + 126 + 3*1. Suppose 105 = d - m. What are the prime factors of d?
239
Let c(h) = h**2 - 132*h - 4578. List the prime factors of c(-111).
3, 5, 1493
Suppose -4*l = -3*l + 1. List the prime factors of (l - (-2 - -4))*(-18 + -258).
2, 3, 23
Let y = 101824 - 21953. What are the prime factors of y?
11, 53, 137
Let x(u) = u**3 - 8*u**2 + 6*u + 9. Let z be x(7). Suppose -n + 2*y - 3 = 5*y, -3*n + z = -2*y. Suppose -5*h + 8*h - 153 = n. List the prime factors of h.
3, 17
Let r = 66 + -230. Let o be ((-2)/4)/(2/r). Let y = o + -8. List the prime factors of y.
3, 11
Suppose -983*v + 145471 = -973*v - 28609. List the prime factors of v.
2, 17
Let r(p) = 8*p**3 + 6*p**2 - 45*p - 5. Let s be r(4). Suppose -3*u - 93 = -3*g, -2*g = -5*u + 2*u - 61. Suppose -29*t - s = -g*t. List the prime factors of t.
3, 47
Let l(g) = 586*g**2 - 89*g - 50. What are the prime factors of l(5)?
5, 19, 149
Let i(f) = -21*f + 13 + 21 + 2 - f**2 - 1 - 5. What are the prime factors of i(-18)?
2, 3, 7
Let p(m) = -4*m - 21. Let o be p(24). Let t = o - -649. What are the prime factors of t?
2, 7, 19
Let k(j) = j**2 + j + 1. Let r(b) = 5*b**2 + 30*b - 99. Let d(s) = -3*k(s) + r(s). List the prime factors of d(-25).
11, 43
Let u(w) = -w**2 + 37*w - 153. Let k be u(43). Let o = -298 - k. List the prime factors of o.
113
Let l(y) = -19054*y + 7069. What are the prime factors of l(-3)?
64231
Suppose 3*d + 848 = 11*d. Let o = d - 102. Suppose 0*a = 3*a + 5*s - 526, 0 = o*a - 2*s - 684. List the prime factors of a.
2, 43
Let s(m) = 763*m - 1797. What are the prime factors of s(29)?
2, 5, 19, 107